{"id":89,"date":"2015-09-23T15:42:14","date_gmt":"2015-09-23T13:42:14","guid":{"rendered":"http:\/\/ebner-markus.com\/?page_id=89"},"modified":"2017-03-08T12:22:05","modified_gmt":"2017-03-08T11:22:05","slug":"ueber-uns","status":"publish","type":"page","link":"https:\/\/www.ebner-technology.com\/de\/ueber-uns\/","title":{"rendered":"\u00dcber uns"},"content":{"rendered":"<p><span style=\"font-size: 18pt;\"><span style=\"color: #003079;\"><strong>\u00dcBER 30 JAHRE SOLARE ERFAHRUNG<\/strong><\/span><\/span><\/p>\n<p>Innovation, eigene Herstellung, kontinuierliche Investitionen in Forschung und Entwicklung, direkter Kundenkontakt, Energieeinsparung, Geld sparen, Umweltschonung, all jene sind unsere markanten Elemente, die seit \u00fcber 30 Jahren f\u00fcr unser Unternehmen stehen.<\/p>\n<p>Mit unserem ausgepr\u00e4gtem Know-How und der jahrelangen Erfahrung realisieren wir innovative alternative Technologiel\u00f6sungen in Kombination aus Sonne, Wasser, Luft und Erde, die in ein traditionelles und modernes Anlagensystem eingebaut werden und dabei gleichzeitig darauf abzielen, sowohl die Lebensqualit\u00e4t als auch den Umweltschutz zu erh\u00f6hen.<\/p>\n<p><span style=\"font-size: 16pt;\"><span style=\"color: #003079;\"><strong>EBNER &#8211; WIE ALLES BEGANN &#8211; UNSERE GESCHICHTE<\/strong><\/span><\/span><\/p>\n<p style=\"text-align: left;\"><span style=\"color: #003079; font-size: 14pt;\"><b>1982<\/b><\/span><\/p>\n<p style=\"text-align: left;\"><span style=\"color: #003079;\"><b><a href=\"http:\/\/ebner-markus.com\/wp-content\/uploads\/2015\/09\/Ebner-Josef-Eduard.jpg\"><img loading=\"lazy\" class=\"alignnone wp-image-92\" src=\"http:\/\/ebner-markus.com\/wp-content\/uploads\/2015\/09\/Ebner-Josef-Eduard-300x83.jpg\" alt=\"Ebner Josef Eduard\" width=\"199\" height=\"55\" srcset=\"https:\/\/www.ebner-technology.com\/wp-content\/uploads\/2015\/09\/Ebner-Josef-Eduard-300x83.jpg 300w, https:\/\/www.ebner-technology.com\/wp-content\/uploads\/2015\/09\/Ebner-Josef-Eduard-1024x283.jpg 1024w, https:\/\/www.ebner-technology.com\/wp-content\/uploads\/2015\/09\/Ebner-Josef-Eduard-648x179.jpg 648w, https:\/\/www.ebner-technology.com\/wp-content\/uploads\/2015\/09\/Ebner-Josef-Eduard-583x161.jpg 583w, https:\/\/www.ebner-technology.com\/wp-content\/uploads\/2015\/09\/Ebner-Josef-Eduard.jpg 1496w\" sizes=\"(max-width: 199px) 100vw, 199px\" \/><\/a><\/b><\/span><\/p>\n<p style=\"text-align: left;\">Josef Eduard \u201eEdl\u201c Ebner gr\u00fcndet die Einzelfirma \u201e<strong>EBNER JOSEF EDUARD\u201c<\/strong> in Eppan, S\u00fcdtirol. Unsere Tradition als Innovator und Wegbereiter der Solarbranche in S\u00fcdtirol beginnt somit schon vor Jahrzehnten, als Eduard Ebner \u00fcber Wege aus der \u00d6lkrise nachdachte.<\/p>\n<p style=\"text-align: left;\"><span style=\"color: #003079; font-size: 14pt;\"><b>1993<\/b><\/span><\/p>\n<p style=\"text-align: left;\"><span style=\"color: #003079;\"><b><a href=\"http:\/\/ebner-markus.com\/wp-content\/uploads\/2015\/09\/Ebner-Energietechnik-alt.png\"><img loading=\"lazy\" class=\"alignnone wp-image-90\" src=\"http:\/\/ebner-markus.com\/wp-content\/uploads\/2015\/09\/Ebner-Energietechnik-alt-300x87.png\" alt=\"Ebner Energietechnik alt\" width=\"203\" height=\"59\" srcset=\"https:\/\/www.ebner-technology.com\/wp-content\/uploads\/2015\/09\/Ebner-Energietechnik-alt-300x87.png 300w, https:\/\/www.ebner-technology.com\/wp-content\/uploads\/2015\/09\/Ebner-Energietechnik-alt-1024x296.png 1024w, https:\/\/www.ebner-technology.com\/wp-content\/uploads\/2015\/09\/Ebner-Energietechnik-alt-648x188.png 648w, https:\/\/www.ebner-technology.com\/wp-content\/uploads\/2015\/09\/Ebner-Energietechnik-alt-1230x360.png 1230w, https:\/\/www.ebner-technology.com\/wp-content\/uploads\/2015\/09\/Ebner-Energietechnik-alt-583x169.png 583w, https:\/\/www.ebner-technology.com\/wp-content\/uploads\/2015\/09\/Ebner-Energietechnik-alt.png 1244w\" sizes=\"(max-width: 203px) 100vw, 203px\" \/><\/a><\/b><\/span><\/p>\n<p style=\"text-align: left;\">Umwandlung der Einzelfirma in die \u201e<strong>EBNER JOSEF &amp; CO. OHG\u201c <\/strong>mit dem Markennamen<strong> \u201eEBNER ENERGIETECHNIK\u201c<\/strong>. Neubau der Fertigungs-und Produktionsfl\u00e4chen in der neuen Handwerkerzone Kreuzweg, in Eppan mit Maschinenpark-Erweiterung.<\/p>\n<p style=\"text-align: left;\"><span style=\"color: #003079; font-size: 14pt;\"><strong>2000<\/strong><\/span><\/p>\n<p style=\"text-align: left;\">Ausbau des Firmengeb\u00e4udes und der Produktionsfl\u00e4che in Kreuzweg, Eppan und Erweiterung der Firmenflotte und der Produktionsmaschinen.<\/p>\n<p style=\"text-align: left;\"><strong><span style=\"color: #003079; font-size: 14pt;\">2005<\/span><\/strong><\/p>\n<p style=\"text-align: left;\"><span style=\"color: #003079;\"><b><a href=\"http:\/\/ebner-markus.com\/wp-content\/uploads\/2015\/09\/Ebner-Solartechnik.png\"><img loading=\"lazy\" class=\"alignnone wp-image-94\" src=\"http:\/\/ebner-markus.com\/wp-content\/uploads\/2015\/09\/Ebner-Solartechnik-300x87.png\" alt=\"Ebner Solartechnik\" width=\"207\" height=\"60\" srcset=\"https:\/\/www.ebner-technology.com\/wp-content\/uploads\/2015\/09\/Ebner-Solartechnik-300x87.png 300w, https:\/\/www.ebner-technology.com\/wp-content\/uploads\/2015\/09\/Ebner-Solartechnik.png 579w\" sizes=\"(max-width: 207px) 100vw, 207px\" \/><\/a><\/b><\/span><\/p>\n<p style=\"text-align: left;\">Die \u201e<strong>EBNER JOSEF &amp; CO. OHG\u201c<\/strong> \u00e4ndert Ihren Markennamen von <strong>\u201eEBNER ENERGIETECHNIK\u201c <\/strong>in<strong> \u201e<\/strong><strong>EBNER SOLARTECHNIK\u201c<\/strong>.<\/p>\n<p style=\"text-align: left;\"><span style=\"color: #003079; font-size: 14pt;\"><strong>2007<\/strong><\/span><\/p>\n<p style=\"text-align: left;\">Zusammenschluss mit dem bedeutenden Industrieunternehmen <strong>\u201eFiorini Industries\u201c<\/strong>, Gr\u00fcndung der gemeinsamen <strong>\u201eEBNER SOLARTECHNIK GmbH\u201c<\/strong> und Umzug der Produktion f\u00fcr die Standardserien ins neue Werk in Forl\u00ec, Emilia Romagna. Im selben Jahr finden die Feierlichkeiten zum 25-j\u00e4hrigen Betriebsjubil\u00e4um statt.<\/p>\n<p style=\"text-align: left;\"><span style=\"color: #003079; font-size: 14pt;\"><b>2010<\/b><\/span><\/p>\n<p style=\"text-align: left;\"><span style=\"color: #003079;\"><b><a href=\"http:\/\/ebner-markus.com\/wp-content\/uploads\/2015\/09\/Ebner-Energietechnik.jpg\"><img loading=\"lazy\" class=\"alignnone wp-image-91\" src=\"http:\/\/ebner-markus.com\/wp-content\/uploads\/2015\/09\/Ebner-Energietechnik-300x87.jpg\" alt=\"Druck\" width=\"203\" height=\"59\" srcset=\"https:\/\/www.ebner-technology.com\/wp-content\/uploads\/2015\/09\/Ebner-Energietechnik-300x87.jpg 300w, https:\/\/www.ebner-technology.com\/wp-content\/uploads\/2015\/09\/Ebner-Energietechnik-1024x296.jpg 1024w, https:\/\/www.ebner-technology.com\/wp-content\/uploads\/2015\/09\/Ebner-Energietechnik-648x187.jpg 648w, https:\/\/www.ebner-technology.com\/wp-content\/uploads\/2015\/09\/Ebner-Energietechnik-583x168.jpg 583w, https:\/\/www.ebner-technology.com\/wp-content\/uploads\/2015\/09\/Ebner-Energietechnik.jpg 1417w\" sizes=\"(max-width: 203px) 100vw, 203px\" \/><\/a><\/b><\/span><\/p>\n<p style=\"text-align: left;\">Namens\u00e4nderung der <strong>\u201eEBNER SOLARTECHNIK GmbH\u201c <\/strong>in<strong> \u201e<\/strong><strong>EBNER ENERGIETECHNIK GmbH\u201c.<\/strong><\/p>\n<p style=\"text-align: left;\"><span style=\"color: #003079; font-size: 14pt;\"><strong>Fr\u00fchjahr 2013<\/strong><\/span><\/p>\n<p style=\"text-align: left;\">Verkauf der Marke <strong>\u201e<\/strong><strong>EBNER ENERGIETECHNIK GmbH\u201c <\/strong>zu 100 % an die <strong>\u201eFiorini Industries\u201c.<\/strong><\/p>\n<p style=\"text-align: left;\"><span style=\"color: #003079; font-size: 14pt;\"><b>Sommer 2013<\/b><\/span><\/p>\n<p style=\"text-align: left;\"><span style=\"color: #003079;\"><b><a href=\"http:\/\/ebner-markus.com\/wp-content\/uploads\/2015\/09\/Ebner-Markus-Logo-1000.png\"><img loading=\"lazy\" class=\"alignnone wp-image-93\" src=\"http:\/\/ebner-markus.com\/wp-content\/uploads\/2015\/09\/Ebner-Markus-Logo-1000-300x103.png\" alt=\"Ebner Markus Logo 1000\" width=\"230\" height=\"79\" srcset=\"https:\/\/www.ebner-technology.com\/wp-content\/uploads\/2015\/09\/Ebner-Markus-Logo-1000-300x103.png 300w, https:\/\/www.ebner-technology.com\/wp-content\/uploads\/2015\/09\/Ebner-Markus-Logo-1000.png 1024w, https:\/\/www.ebner-technology.com\/wp-content\/uploads\/2015\/09\/Ebner-Markus-Logo-1000-648x222.png 648w, https:\/\/www.ebner-technology.com\/wp-content\/uploads\/2015\/09\/Ebner-Markus-Logo-1000-560x192.png 560w\" sizes=\"(max-width: 230px) 100vw, 230px\" \/><\/a><\/b><\/span><\/p>\n<p style=\"text-align: left;\">Gr\u00fcndung der Einzelfirma<strong> \u201eEBNER MARKUS Technology &amp; Solutions\u201c <\/strong>durch Markus Ebner mit Standort im Firmen- und Produktionsgeb\u00e4ude in Kreuzweg, Eppan.<\/p>\n<p style=\"text-align: left;\"><span style=\"color: #003079; font-size: 14pt;\"><b>Herbst 2014<\/b><\/span><\/p>\n<p style=\"text-align: left;\"><span style=\"color: #003079;\"><b><img loading=\"lazy\" class=\"alignnone wp-image-64 size-full\" src=\"http:\/\/www.ebner-technology.com\/wp-content\/uploads\/2015\/09\/Ebner-Technology-Logo-300.png\" alt=\"\" width=\"300\" height=\"188\" \/><\/b><\/span><\/p>\n<p style=\"text-align: left;\">Fusion der \u201e<strong>EBNER JOSEF &amp; CO. OHG\u201c <\/strong>und der Einzelfirma <strong>\u201eEBNER MARKUS Technology &amp; Solutions\u201c, <\/strong>Entstehung der<strong> \u201eEBNER Technology KG\u201c <\/strong>und Einstieg der dritten Generation der Familie Ebner in das Familienunternehmen.<\/p>\n<p style=\"text-align: left;\"><strong>\u00a0<\/strong><\/p>\n<p style=\"text-align: left;\">Somit sind wir seit <strong>\u00fcber 30 Jahren<\/strong> f\u00fcr Sie am Markt f\u00fcr alternative Energiesysteme. Heute, bieten wir aber nicht mehr nur das, sondern noch viel mehr wie Plattenw\u00e4rmetauscher, Frischwasserstationen, Pellets\u00f6fen, Pelletskessel, Klimaanlagen und noch vieles mehr. Wir arbeiten kontinuierlich an der Verbesserung unseres Unternehmens und am Ausbau unserer qualitativ stets hochwertigen Produktpalette.<\/p>\n<p><em><span style=\"color: #003079; font-size: 14pt;\"><strong>Das Team von Ebner Technology<\/strong><\/span><\/em><\/p>","protected":false},"excerpt":{"rendered":"<p>\u00dcBER 30 JAHRE SOLARE ERFAHRUNG Innovation, eigene Herstellung, kontinuierliche Investitionen in Forschung und Entwicklung, direkter Kundenkontakt, Energieeinsparung, Geld sparen, Umweltschonung, all jene sind unsere markanten Elemente, die seit \u00fcber 30 Jahren f\u00fcr unser Unternehmen stehen. Mit unserem ausgepr\u00e4gtem Know-How und der jahrelangen Erfahrung realisieren wir innovative alternative Technologiel\u00f6sungen in Kombination aus Sonne, Wasser, Luft und &hellip; <a href=\"https:\/\/www.ebner-technology.com\/de\/ueber-uns\/\" class=\"more-link\"><span class=\"screen-reader-text\">\u00dcber uns<\/span> weiterlesen<\/a><\/p>\n","protected":false},"author":1,"featured_media":0,"parent":0,"menu_order":0,"comment_status":"closed","ping_status":"closed","template":"","meta":{"_mi_skip_tracking":false,"spay_email":""},"_links":{"self":[{"href":"https:\/\/www.ebner-technology.com\/de\/wp-json\/wp\/v2\/pages\/89"}],"collection":[{"href":"https:\/\/www.ebner-technology.com\/de\/wp-json\/wp\/v2\/pages"}],"about":[{"href":"https:\/\/www.ebner-technology.com\/de\/wp-json\/wp\/v2\/types\/page"}],"author":[{"embeddable":true,"href":"https:\/\/www.ebner-technology.com\/de\/wp-json\/wp\/v2\/users\/1"}],"replies":[{"embeddable":true,"href":"https:\/\/www.ebner-technology.com\/de\/wp-json\/wp\/v2\/comments?post=89"}],"version-history":[{"count":8,"href":"https:\/\/www.ebner-technology.com\/de\/wp-json\/wp\/v2\/pages\/89\/revisions"}],"predecessor-version":[{"id":1989,"href":"https:\/\/www.ebner-technology.com\/de\/wp-json\/wp\/v2\/pages\/89\/revisions\/1989"}],"wp:attachment":[{"href":"https:\/\/www.ebner-technology.com\/de\/wp-json\/wp\/v2\/media?parent=89"}],"curies":[{"name":"wp","href":"https:\/\/api.w.org\/{rel}","templated":true}]}}

Über uns

<p><span style="font-size: 18pt;"><span style="color: #003079;"><strong>ÜBER 30 JAHRE SOLARE ERFAHRUNG</strong></span></span></p>
<p>Innovation, eigene Herstellung, kontinuierliche Investitionen in Forschung und Entwicklung, direkter Kundenkontakt, Energieeinsparung, Geld sparen, Umweltschonung, all jene sind unsere markanten Elemente, die seit über 30 Jahren für unser Unternehmen stehen.</p>
<p>Mit unserem ausgeprägtem Know-How und der jahrelangen Erfahrung realisieren wir innovative alternative Technologielösungen in Kombination aus Sonne, Wasser, Luft und Erde, die in ein traditionelles und modernes Anlagensystem eingebaut werden und dabei gleichzeitig darauf abzielen, sowohl die Lebensqualität als auch den Umweltschutz zu erhöhen.</p>
<p><span style="font-size: 16pt;"><span style="color: #003079;"><strong>EBNER &#8211; WIE ALLES BEGANN &#8211; UNSERE GESCHICHTE</strong></span></span></p>
<p style="text-align: left;"><span style="color: #003079; font-size: 14pt;"><b>1982</b></span></p>
<p style="text-align: left;"><span style="color: #003079;"><b><a href="http://ebner-markus.com/wp-content/uploads/2015/09/Ebner-Josef-Eduard.jpg"><img loading="lazy" class="alignnone wp-image-92" src="http://ebner-markus.com/wp-content/uploads/2015/09/Ebner-Josef-Eduard-300x83.jpg" alt="Ebner Josef Eduard" width="199" height="55" srcset="https://www.ebner-technology.com/wp-content/uploads/2015/09/Ebner-Josef-Eduard-300x83.jpg 300w, https://www.ebner-technology.com/wp-content/uploads/2015/09/Ebner-Josef-Eduard-1024x283.jpg 1024w, https://www.ebner-technology.com/wp-content/uploads/2015/09/Ebner-Josef-Eduard-648x179.jpg 648w, https://www.ebner-technology.com/wp-content/uploads/2015/09/Ebner-Josef-Eduard-583x161.jpg 583w, https://www.ebner-technology.com/wp-content/uploads/2015/09/Ebner-Josef-Eduard.jpg 1496w" sizes="(max-width: 199px) 100vw, 199px" /></a></b></span></p>
<p style="text-align: left;">Josef Eduard „Edl“ Ebner gründet die Einzelfirma „<strong>EBNER JOSEF EDUARD“</strong> in Eppan, Südtirol. Unsere Tradition als Innovator und Wegbereiter der Solarbranche in Südtirol beginnt somit schon vor Jahrzehnten, als Eduard Ebner über Wege aus der Ölkrise nachdachte.</p>
<p style="text-align: left;"><span style="color: #003079; font-size: 14pt;"><b>1993</b></span></p>
<p style="text-align: left;"><span style="color: #003079;"><b><a href="http://ebner-markus.com/wp-content/uploads/2015/09/Ebner-Energietechnik-alt.png"><img loading="lazy" class="alignnone wp-image-90" src="http://ebner-markus.com/wp-content/uploads/2015/09/Ebner-Energietechnik-alt-300x87.png" alt="Ebner Energietechnik alt" width="203" height="59" srcset="https://www.ebner-technology.com/wp-content/uploads/2015/09/Ebner-Energietechnik-alt-300x87.png 300w, https://www.ebner-technology.com/wp-content/uploads/2015/09/Ebner-Energietechnik-alt-1024x296.png 1024w, https://www.ebner-technology.com/wp-content/uploads/2015/09/Ebner-Energietechnik-alt-648x188.png 648w, https://www.ebner-technology.com/wp-content/uploads/2015/09/Ebner-Energietechnik-alt-1230x360.png 1230w, https://www.ebner-technology.com/wp-content/uploads/2015/09/Ebner-Energietechnik-alt-583x169.png 583w, https://www.ebner-technology.com/wp-content/uploads/2015/09/Ebner-Energietechnik-alt.png 1244w" sizes="(max-width: 203px) 100vw, 203px" /></a></b></span></p>
<p style="text-align: left;">Umwandlung der Einzelfirma in die „<strong>EBNER JOSEF &amp; CO. OHG“ </strong>mit dem Markennamen<strong> „EBNER ENERGIETECHNIK“</strong>. Neubau der Fertigungs-und Produktionsflächen in der neuen Handwerkerzone Kreuzweg, in Eppan mit Maschinenpark-Erweiterung.</p>
<p style="text-align: left;"><span style="color: #003079; font-size: 14pt;"><strong>2000</strong></span></p>
<p style="text-align: left;">Ausbau des Firmengebäudes und der Produktionsfläche in Kreuzweg, Eppan und Erweiterung der Firmenflotte und der Produktionsmaschinen.</p>
<p style="text-align: left;"><strong><span style="color: #003079; font-size: 14pt;">2005</span></strong></p>
<p style="text-align: left;"><span style="color: #003079;"><b><a href="http://ebner-markus.com/wp-content/uploads/2015/09/Ebner-Solartechnik.png"><img loading="lazy" class="alignnone wp-image-94" src="http://ebner-markus.com/wp-content/uploads/2015/09/Ebner-Solartechnik-300x87.png" alt="Ebner Solartechnik" width="207" height="60" srcset="https://www.ebner-technology.com/wp-content/uploads/2015/09/Ebner-Solartechnik-300x87.png 300w, https://www.ebner-technology.com/wp-content/uploads/2015/09/Ebner-Solartechnik.png 579w" sizes="(max-width: 207px) 100vw, 207px" /></a></b></span></p>
<p style="text-align: left;">Die „<strong>EBNER JOSEF &amp; CO. OHG“</strong> ändert Ihren Markennamen von <strong>„EBNER ENERGIETECHNIK“ </strong>in<strong> „</strong><strong>EBNER SOLARTECHNIK“</strong>.</p>
<p style="text-align: left;"><span style="color: #003079; font-size: 14pt;"><strong>2007</strong></span></p>
<p style="text-align: left;">Zusammenschluss mit dem bedeutenden Industrieunternehmen <strong>„Fiorini Industries“</strong>, Gründung der gemeinsamen <strong>„EBNER SOLARTECHNIK GmbH“</strong> und Umzug der Produktion für die Standardserien ins neue Werk in Forlì, Emilia Romagna. Im selben Jahr finden die Feierlichkeiten zum 25-jährigen Betriebsjubiläum statt.</p>
<p style="text-align: left;"><span style="color: #003079; font-size: 14pt;"><b>2010</b></span></p>
<p style="text-align: left;"><span style="color: #003079;"><b><a href="http://ebner-markus.com/wp-content/uploads/2015/09/Ebner-Energietechnik.jpg"><img loading="lazy" class="alignnone wp-image-91" src="http://ebner-markus.com/wp-content/uploads/2015/09/Ebner-Energietechnik-300x87.jpg" alt="Druck" width="203" height="59" srcset="https://www.ebner-technology.com/wp-content/uploads/2015/09/Ebner-Energietechnik-300x87.jpg 300w, https://www.ebner-technology.com/wp-content/uploads/2015/09/Ebner-Energietechnik-1024x296.jpg 1024w, https://www.ebner-technology.com/wp-content/uploads/2015/09/Ebner-Energietechnik-648x187.jpg 648w, https://www.ebner-technology.com/wp-content/uploads/2015/09/Ebner-Energietechnik-583x168.jpg 583w, https://www.ebner-technology.com/wp-content/uploads/2015/09/Ebner-Energietechnik.jpg 1417w" sizes="(max-width: 203px) 100vw, 203px" /></a></b></span></p>
<p style="text-align: left;">Namensänderung der <strong>„EBNER SOLARTECHNIK GmbH“ </strong>in<strong> „</strong><strong>EBNER ENERGIETECHNIK GmbH“.</strong></p>
<p style="text-align: left;"><span style="color: #003079; font-size: 14pt;"><strong>Frühjahr 2013</strong></span></p>
<p style="text-align: left;">Verkauf der Marke <strong>„</strong><strong>EBNER ENERGIETECHNIK GmbH“ </strong>zu 100 % an die <strong>„Fiorini Industries“.</strong></p>
<p style="text-align: left;"><span style="color: #003079; font-size: 14pt;"><b>Sommer 2013</b></span></p>
<p style="text-align: left;"><span style="color: #003079;"><b><a href="http://ebner-markus.com/wp-content/uploads/2015/09/Ebner-Markus-Logo-1000.png"><img loading="lazy" class="alignnone wp-image-93" src="http://ebner-markus.com/wp-content/uploads/2015/09/Ebner-Markus-Logo-1000-300x103.png" alt="Ebner Markus Logo 1000" width="230" height="79" srcset="https://www.ebner-technology.com/wp-content/uploads/2015/09/Ebner-Markus-Logo-1000-300x103.png 300w, https://www.ebner-technology.com/wp-content/uploads/2015/09/Ebner-Markus-Logo-1000.png 1024w, https://www.ebner-technology.com/wp-content/uploads/2015/09/Ebner-Markus-Logo-1000-648x222.png 648w, https://www.ebner-technology.com/wp-content/uploads/2015/09/Ebner-Markus-Logo-1000-560x192.png 560w" sizes="(max-width: 230px) 100vw, 230px" /></a></b></span></p>
<p style="text-align: left;">Gründung der Einzelfirma<strong> „EBNER MARKUS Technology &amp; Solutions“ </strong>durch Markus Ebner mit Standort im Firmen- und Produktionsgebäude in Kreuzweg, Eppan.</p>
<p style="text-align: left;"><span style="color: #003079; font-size: 14pt;"><b>Herbst 2014</b></span></p>
<p style="text-align: left;"><span style="color: #003079;"><b><img loading="lazy" class="alignnone wp-image-64 size-full" src="http://www.ebner-technology.com/wp-content/uploads/2015/09/Ebner-Technology-Logo-300.png" alt="" width="300" height="188" /></b></span></p>
<p style="text-align: left;">Fusion der „<strong>EBNER JOSEF &amp; CO. OHG“ </strong>und der Einzelfirma <strong>„EBNER MARKUS Technology &amp; Solutions“, </strong>Entstehung der<strong> „EBNER Technology KG“ </strong>und Einstieg der dritten Generation der Familie Ebner in das Familienunternehmen.</p>
<p style="text-align: left;"><strong> </strong></p>
<p style="text-align: left;">Somit sind wir seit <strong>über 30 Jahren</strong> für Sie am Markt für alternative Energiesysteme. Heute, bieten wir aber nicht mehr nur das, sondern noch viel mehr wie Plattenwärmetauscher, Frischwasserstationen, Pelletsöfen, Pelletskessel, Klimaanlagen und noch vieles mehr. Wir arbeiten kontinuierlich an der Verbesserung unseres Unternehmens und am Ausbau unserer qualitativ stets hochwertigen Produktpalette.</p>
<p><em><span style="color: #003079; font-size: 14pt;"><strong>Das Team von Ebner Technology</strong></span></em></p>

<p>ÜBER 30 JAHRE SOLARE ERFAHRUNG Innovation, eigene Herstellung, kontinuierliche Investitionen in Forschung und Entwicklung, direkter Kundenkontakt, Energieeinsparung, Geld sparen, Umweltschonung, all jene sind unsere markanten Elemente, die seit über 30 Jahren für unser Unternehmen stehen. Mit unserem ausgeprägtem Know-How und der jahrelangen Erfahrung realisieren wir innovative alternative Technologielösungen in Kombination aus Sonne, Wasser, Luft und &hellip; <a href="https://www.ebner-technology.com/de/ueber-uns/" class="more-link"><span class="screen-reader-text">Über uns</span> weiterlesen</a></p>
