{"id":89,"date":"2015-09-23T15:42:14","date_gmt":"2015-09-23T13:42:14","guid":{"rendered":"http:\/\/ebner-markus.com\/?page_id=89"},"modified":"2017-03-08T12:22:05","modified_gmt":"2017-03-08T11:22:05","slug":"ueber-uns","status":"publish","type":"page","link":"https:\/\/www.ebner-technology.com\/it\/ueber-uns\/","title":{"rendered":"Chi siamo"},"content":{"rendered":"<p><span style=\"color: #003079; font-size: 18pt;\"><strong>OLTRE 30 ANNI ESPERIENZA SOLARE<\/strong><\/span><\/p>\n<p>Innovazione, produzione propria, i continui investimenti in ricerca e sviluppo, servizio diretto al cliente, risparmio energetico, rispetto dell`ambiente sono gli elementi che ci contraddistinguono e ai quali ci dedichiamo da oltre 30 anni.<\/p>\n<p>Noi usiamo sole, aria e acqua per produrre energia pulita, sviluppando di continuo nuovi prodotti che possano essere installati in impianti di riscaldamento\/rinfrescamento\/produzione di acqua calda tradizionali e moderni. In questi oltre 30 anni di attivit\u00e0 ci siamo dedicati soprattutto allo sviluppo del solare termico producendo in proprio collettori solari e serbatoi per acqua calda e realizzando numerosi e variegati impianti solari.<\/p>\n<p><span style=\"color: #003079; font-size: 16pt;\"><strong>EBNER &#8211; COME TUTTO EBBE INIZIO &#8211; LA NOSTRA STORIA<\/strong><\/span><\/p>\n<p style=\"text-align: left;\"><span style=\"color: #003079; font-size: 14pt;\"><b>1982<\/b><\/span><\/p>\n<p style=\"text-align: left;\"><span style=\"color: #003079;\"><b><a href=\"http:\/\/ebner-markus.com\/wp-content\/uploads\/2015\/09\/Ebner-Josef-Eduard.jpg\"><img loading=\"lazy\" class=\"alignnone wp-image-92\" src=\"http:\/\/ebner-markus.com\/wp-content\/uploads\/2015\/09\/Ebner-Josef-Eduard-300x83.jpg\" alt=\"Ebner Josef Eduard\" width=\"199\" height=\"55\" srcset=\"https:\/\/www.ebner-technology.com\/wp-content\/uploads\/2015\/09\/Ebner-Josef-Eduard-300x83.jpg 300w, https:\/\/www.ebner-technology.com\/wp-content\/uploads\/2015\/09\/Ebner-Josef-Eduard-1024x283.jpg 1024w, https:\/\/www.ebner-technology.com\/wp-content\/uploads\/2015\/09\/Ebner-Josef-Eduard-648x179.jpg 648w, https:\/\/www.ebner-technology.com\/wp-content\/uploads\/2015\/09\/Ebner-Josef-Eduard-583x161.jpg 583w, https:\/\/www.ebner-technology.com\/wp-content\/uploads\/2015\/09\/Ebner-Josef-Eduard.jpg 1496w\" sizes=\"(max-width: 199px) 100vw, 199px\" \/><\/a><\/b><\/span><\/p>\n<p>Josef Eduard \u201eEdl\u201c Ebner fonda la ditta individuale \u201e<strong>EBNER JOSEF EDUARD\u201c<\/strong> in Appiano, Sudtirolo. Perci\u00f2 la nostra tradizione di innovatore e pioniere nel settore solare \u00e8 iniziata gi\u00e0 decenni fa, quando Eduard Ebner cerc\u00f2 una via fuori dalla crisi petrolifera.<\/p>\n<p style=\"text-align: left;\"><span style=\"color: #003079; font-size: 14pt;\"><b>1993<\/b><\/span><\/p>\n<p style=\"text-align: left;\"><span style=\"color: #003079;\"><b><a href=\"http:\/\/ebner-markus.com\/wp-content\/uploads\/2015\/09\/Ebner-Energietechnik-alt.png\"><img loading=\"lazy\" class=\"alignnone wp-image-90\" src=\"http:\/\/ebner-markus.com\/wp-content\/uploads\/2015\/09\/Ebner-Energietechnik-alt-300x87.png\" alt=\"Ebner Energietechnik alt\" width=\"203\" height=\"59\" srcset=\"https:\/\/www.ebner-technology.com\/wp-content\/uploads\/2015\/09\/Ebner-Energietechnik-alt-300x87.png 300w, https:\/\/www.ebner-technology.com\/wp-content\/uploads\/2015\/09\/Ebner-Energietechnik-alt-1024x296.png 1024w, https:\/\/www.ebner-technology.com\/wp-content\/uploads\/2015\/09\/Ebner-Energietechnik-alt-648x188.png 648w, https:\/\/www.ebner-technology.com\/wp-content\/uploads\/2015\/09\/Ebner-Energietechnik-alt-1230x360.png 1230w, https:\/\/www.ebner-technology.com\/wp-content\/uploads\/2015\/09\/Ebner-Energietechnik-alt-583x169.png 583w, https:\/\/www.ebner-technology.com\/wp-content\/uploads\/2015\/09\/Ebner-Energietechnik-alt.png 1244w\" sizes=\"(max-width: 203px) 100vw, 203px\" \/><\/a><\/b><\/span><\/p>\n<p>Trasformazione della ditta individuale nella \u201e<strong>EBNER JOSEF &amp; CO. OHG\u201c <\/strong>con il nome di marca<strong> \u201eEBNER ENERGIETECHNIK\u201c<\/strong>. Costruzione dello stabilimento produttivo nella nuova zona artigianale Crocevia, Appiano con allargamento del parco macchine.<\/p>\n<p style=\"text-align: left;\"><span style=\"font-size: 14pt;\"><span style=\"color: #003079;\"><strong>2000<\/strong><\/span><span lang=\"IT\" style=\"background: white; font-family: 'Arial','sans-serif';\"><span style=\"color: #000000;\"><br \/>\n<\/span><\/span><\/span><\/p>\n<p style=\"text-align: left;\">Ampliamento del stabilimento e dell\u2019unit\u00e0 produttiva in Via Crocevia, Appiano ed estensione della flotta e delle macchine produttive.<\/p>\n<p style=\"text-align: left;\"><span style=\"color: #003079; font-size: 14pt;\"><b>2005<\/b><\/span><\/p>\n<p style=\"text-align: left;\"><span style=\"color: #003079;\"><b><a href=\"http:\/\/ebner-markus.com\/wp-content\/uploads\/2015\/09\/Ebner-Solartechnik.png\"><img loading=\"lazy\" class=\"alignnone wp-image-94\" src=\"http:\/\/ebner-markus.com\/wp-content\/uploads\/2015\/09\/Ebner-Solartechnik-300x87.png\" alt=\"Ebner Solartechnik\" width=\"207\" height=\"60\" srcset=\"https:\/\/www.ebner-technology.com\/wp-content\/uploads\/2015\/09\/Ebner-Solartechnik-300x87.png 300w, https:\/\/www.ebner-technology.com\/wp-content\/uploads\/2015\/09\/Ebner-Solartechnik.png 579w\" sizes=\"(max-width: 207px) 100vw, 207px\" \/><\/a><\/b><\/span><\/p>\n<p>La \u201e<strong>EBNER JOSEF &amp; CO. OHG\u201c<\/strong> cambia il suo nome di marchio da <strong>\u201eEBNER ENERGIETECHNIK\u201c <\/strong>a<strong> \u201eEBNER SOLARTECHNIK\u201c<\/strong>.<\/p>\n<p style=\"text-align: left;\"><span style=\"color: #003079; font-size: 14pt;\"><strong>2007<\/strong><\/span><\/p>\n<p style=\"text-align: left;\">Assocciazione con l\u2019importante impresa industriale \u201eFiorini Industries\u201c, e costituzione della ditta comune \u201eEBNER SOLARTECHNIK GmbH\/SRL\u201c e trasferimento della produzione di serie alla nuova fabbrica a Forl\u00ec, Emilia Romagna. Nelo stesso anno avviene la festa per il 25esimo anniversario della ditta.<\/p>\n<p style=\"text-align: left;\"><span style=\"color: #003079; font-size: 14pt;\"><b>2010<\/b><\/span><\/p>\n<p style=\"text-align: left;\"><span style=\"color: #003079;\"><b><a href=\"http:\/\/ebner-markus.com\/wp-content\/uploads\/2015\/09\/Ebner-Energietechnik.jpg\"><img loading=\"lazy\" class=\"alignnone wp-image-91\" src=\"http:\/\/ebner-markus.com\/wp-content\/uploads\/2015\/09\/Ebner-Energietechnik-300x87.jpg\" alt=\"Druck\" width=\"203\" height=\"59\" srcset=\"https:\/\/www.ebner-technology.com\/wp-content\/uploads\/2015\/09\/Ebner-Energietechnik-300x87.jpg 300w, https:\/\/www.ebner-technology.com\/wp-content\/uploads\/2015\/09\/Ebner-Energietechnik-1024x296.jpg 1024w, https:\/\/www.ebner-technology.com\/wp-content\/uploads\/2015\/09\/Ebner-Energietechnik-648x187.jpg 648w, https:\/\/www.ebner-technology.com\/wp-content\/uploads\/2015\/09\/Ebner-Energietechnik-583x168.jpg 583w, https:\/\/www.ebner-technology.com\/wp-content\/uploads\/2015\/09\/Ebner-Energietechnik.jpg 1417w\" sizes=\"(max-width: 203px) 100vw, 203px\" \/><\/a><\/b><\/span><\/p>\n<p style=\"text-align: left;\">Cambiamento della<strong> \u201eEBNER SOLARTECHNIK GmbH\/SRL\u201c<\/strong> nella <strong>\u201eEBNER ENERGIETECHNIK GmbH\/SRL\u201c.<\/strong><\/p>\n<p style=\"text-align: left;\"><span style=\"color: #003079; font-size: 14pt;\"><strong>Primavera 2013<\/strong><\/span><\/p>\n<p style=\"text-align: left;\">Vendita del marchio<strong> \u201eEBNER ENERGIETECHNIK GmbH\/SRL\u201c <\/strong>al 100% alla<strong> \u201eFiorini Industries\u201c.<\/strong><\/p>\n<p style=\"text-align: left;\"><span style=\"color: #003079; font-size: 14pt;\"><b>Estate 2013<\/b><\/span><\/p>\n<p style=\"text-align: left;\"><span style=\"color: #003079;\"><b><a href=\"http:\/\/ebner-markus.com\/wp-content\/uploads\/2015\/09\/Ebner-Markus-Logo-1000.png\"><img loading=\"lazy\" class=\"alignnone wp-image-93\" src=\"http:\/\/ebner-markus.com\/wp-content\/uploads\/2015\/09\/Ebner-Markus-Logo-1000-300x103.png\" alt=\"Ebner Markus Logo 1000\" width=\"230\" height=\"79\" srcset=\"https:\/\/www.ebner-technology.com\/wp-content\/uploads\/2015\/09\/Ebner-Markus-Logo-1000-300x103.png 300w, https:\/\/www.ebner-technology.com\/wp-content\/uploads\/2015\/09\/Ebner-Markus-Logo-1000.png 1024w, https:\/\/www.ebner-technology.com\/wp-content\/uploads\/2015\/09\/Ebner-Markus-Logo-1000-648x222.png 648w, https:\/\/www.ebner-technology.com\/wp-content\/uploads\/2015\/09\/Ebner-Markus-Logo-1000-560x192.png 560w\" sizes=\"(max-width: 230px) 100vw, 230px\" \/><\/a><\/b><\/span><\/p>\n<p style=\"text-align: left;\">Fondazione della ditta individuale \u201eEBNER MARKUS Technology &amp; Solutions\u201c tramite Markus Ebner con sede nello stabilimento in Via Crocevia, Appiano.<\/p>\n<p style=\"text-align: left;\"><span style=\"color: #003079; font-size: 14pt;\"><b>Autunno 2014<\/b><\/span><\/p>\n<p style=\"text-align: left;\"><span style=\"color: #003079;\"><b><img loading=\"lazy\" class=\"alignnone wp-image-64 size-full\" src=\"http:\/\/www.ebner-technology.com\/wp-content\/uploads\/2015\/09\/Ebner-Technology-Logo-300.png\" alt=\"\" width=\"300\" height=\"188\" \/><\/b><\/span><\/p>\n<p>Fusione della \u201eEBNER JOSEF &amp; CO. OHG\u201c e della ditta individuale \u201eEBNER MARKUS Technology &amp; Solutions\u201c, sorgere della \u201eEBNER Technology KG\/SAS\u201c e l\u2019entrata della terza generazione della famiglia Ebner nell\u2019impresa familiare.<\/p>\n<p>&nbsp;<\/p>\n<p>Perci\u00f2 siamo da oltre 30 anni per Lei sul mercato dell\u2019energie rinnovabili. Oggigiorno offriamo non solo questo, ma tanto di pi\u00f9 come scambiatori a piastre, set per la produzione di acqua calda sanitaria, caldaie e stufe da pellet, impianti di condizionamento a tanto altro. Lavoriamo continuamente per il miglioramento della nostra impresa e all\u2019allargamento della nostra qualitativa gamma di prodotti.<\/p>\n<p><span style=\"font-size: 14pt;\"><em><span style=\"color: #003079;\"><strong>Il Team di Ebner Technology<\/strong><\/span><\/em><\/span><\/p>","protected":false},"excerpt":{"rendered":"<p>OLTRE 30 ANNI ESPERIENZA SOLARE Innovazione, produzione propria, i continui investimenti in ricerca e sviluppo, servizio diretto al cliente, risparmio energetico, rispetto dell`ambiente sono gli elementi che ci contraddistinguono e ai quali ci dedichiamo da oltre 30 anni. Noi usiamo sole, aria e acqua per produrre energia pulita, sviluppando di continuo nuovi prodotti che possano &hellip; <a href=\"https:\/\/www.ebner-technology.com\/it\/ueber-uns\/\" class=\"more-link\">Continua a leggere <span class=\"screen-reader-text\">Chi siamo<\/span><\/a><\/p>\n","protected":false},"author":1,"featured_media":0,"parent":0,"menu_order":0,"comment_status":"closed","ping_status":"closed","template":"","meta":{"_mi_skip_tracking":false,"spay_email":""},"_links":{"self":[{"href":"https:\/\/www.ebner-technology.com\/it\/wp-json\/wp\/v2\/pages\/89"}],"collection":[{"href":"https:\/\/www.ebner-technology.com\/it\/wp-json\/wp\/v2\/pages"}],"about":[{"href":"https:\/\/www.ebner-technology.com\/it\/wp-json\/wp\/v2\/types\/page"}],"author":[{"embeddable":true,"href":"https:\/\/www.ebner-technology.com\/it\/wp-json\/wp\/v2\/users\/1"}],"replies":[{"embeddable":true,"href":"https:\/\/www.ebner-technology.com\/it\/wp-json\/wp\/v2\/comments?post=89"}],"version-history":[{"count":8,"href":"https:\/\/www.ebner-technology.com\/it\/wp-json\/wp\/v2\/pages\/89\/revisions"}],"predecessor-version":[{"id":1989,"href":"https:\/\/www.ebner-technology.com\/it\/wp-json\/wp\/v2\/pages\/89\/revisions\/1989"}],"wp:attachment":[{"href":"https:\/\/www.ebner-technology.com\/it\/wp-json\/wp\/v2\/media?parent=89"}],"curies":[{"name":"wp","href":"https:\/\/api.w.org\/{rel}","templated":true}]}}

<p><span style="color: #003079; font-size: 18pt;"><strong>OLTRE 30 ANNI ESPERIENZA SOLARE</strong></span></p>
<p>Innovazione, produzione propria, i continui investimenti in ricerca e sviluppo, servizio diretto al cliente, risparmio energetico, rispetto dell`ambiente sono gli elementi che ci contraddistinguono e ai quali ci dedichiamo da oltre 30 anni.</p>
<p>Noi usiamo sole, aria e acqua per produrre energia pulita, sviluppando di continuo nuovi prodotti che possano essere installati in impianti di riscaldamento/rinfrescamento/produzione di acqua calda tradizionali e moderni. In questi oltre 30 anni di attività ci siamo dedicati soprattutto allo sviluppo del solare termico producendo in proprio collettori solari e serbatoi per acqua calda e realizzando numerosi e variegati impianti solari.</p>
<p><span style="color: #003079; font-size: 16pt;"><strong>EBNER &#8211; COME TUTTO EBBE INIZIO &#8211; LA NOSTRA STORIA</strong></span></p>
<p style="text-align: left;"><span style="color: #003079; font-size: 14pt;"><b>1982</b></span></p>
<p style="text-align: left;"><span style="color: #003079;"><b><a href="http://ebner-markus.com/wp-content/uploads/2015/09/Ebner-Josef-Eduard.jpg"><img loading="lazy" class="alignnone wp-image-92" src="http://ebner-markus.com/wp-content/uploads/2015/09/Ebner-Josef-Eduard-300x83.jpg" alt="Ebner Josef Eduard" width="199" height="55" srcset="https://www.ebner-technology.com/wp-content/uploads/2015/09/Ebner-Josef-Eduard-300x83.jpg 300w, https://www.ebner-technology.com/wp-content/uploads/2015/09/Ebner-Josef-Eduard-1024x283.jpg 1024w, https://www.ebner-technology.com/wp-content/uploads/2015/09/Ebner-Josef-Eduard-648x179.jpg 648w, https://www.ebner-technology.com/wp-content/uploads/2015/09/Ebner-Josef-Eduard-583x161.jpg 583w, https://www.ebner-technology.com/wp-content/uploads/2015/09/Ebner-Josef-Eduard.jpg 1496w" sizes="(max-width: 199px) 100vw, 199px" /></a></b></span></p>
<p>Josef Eduard „Edl“ Ebner fonda la ditta individuale „<strong>EBNER JOSEF EDUARD“</strong> in Appiano, Sudtirolo. Perciò la nostra tradizione di innovatore e pioniere nel settore solare è iniziata già decenni fa, quando Eduard Ebner cercò una via fuori dalla crisi petrolifera.</p>
<p style="text-align: left;"><span style="color: #003079; font-size: 14pt;"><b>1993</b></span></p>
<p style="text-align: left;"><span style="color: #003079;"><b><a href="http://ebner-markus.com/wp-content/uploads/2015/09/Ebner-Energietechnik-alt.png"><img loading="lazy" class="alignnone wp-image-90" src="http://ebner-markus.com/wp-content/uploads/2015/09/Ebner-Energietechnik-alt-300x87.png" alt="Ebner Energietechnik alt" width="203" height="59" srcset="https://www.ebner-technology.com/wp-content/uploads/2015/09/Ebner-Energietechnik-alt-300x87.png 300w, https://www.ebner-technology.com/wp-content/uploads/2015/09/Ebner-Energietechnik-alt-1024x296.png 1024w, https://www.ebner-technology.com/wp-content/uploads/2015/09/Ebner-Energietechnik-alt-648x188.png 648w, https://www.ebner-technology.com/wp-content/uploads/2015/09/Ebner-Energietechnik-alt-1230x360.png 1230w, https://www.ebner-technology.com/wp-content/uploads/2015/09/Ebner-Energietechnik-alt-583x169.png 583w, https://www.ebner-technology.com/wp-content/uploads/2015/09/Ebner-Energietechnik-alt.png 1244w" sizes="(max-width: 203px) 100vw, 203px" /></a></b></span></p>
<p>Trasformazione della ditta individuale nella „<strong>EBNER JOSEF &amp; CO. OHG“ </strong>con il nome di marca<strong> „EBNER ENERGIETECHNIK“</strong>. Costruzione dello stabilimento produttivo nella nuova zona artigianale Crocevia, Appiano con allargamento del parco macchine.</p>
<p style="text-align: left;"><span style="font-size: 14pt;"><span style="color: #003079;"><strong>2000</strong></span><span lang="IT" style="background: white; font-family: 'Arial','sans-serif';"><span style="color: #000000;"><br />
</span></span></span></p>
<p style="text-align: left;">Ampliamento del stabilimento e dell’unità produttiva in Via Crocevia, Appiano ed estensione della flotta e delle macchine produttive.</p>
<p style="text-align: left;"><span style="color: #003079; font-size: 14pt;"><b>2005</b></span></p>
<p style="text-align: left;"><span style="color: #003079;"><b><a href="http://ebner-markus.com/wp-content/uploads/2015/09/Ebner-Solartechnik.png"><img loading="lazy" class="alignnone wp-image-94" src="http://ebner-markus.com/wp-content/uploads/2015/09/Ebner-Solartechnik-300x87.png" alt="Ebner Solartechnik" width="207" height="60" srcset="https://www.ebner-technology.com/wp-content/uploads/2015/09/Ebner-Solartechnik-300x87.png 300w, https://www.ebner-technology.com/wp-content/uploads/2015/09/Ebner-Solartechnik.png 579w" sizes="(max-width: 207px) 100vw, 207px" /></a></b></span></p>
<p>La „<strong>EBNER JOSEF &amp; CO. OHG“</strong> cambia il suo nome di marchio da <strong>„EBNER ENERGIETECHNIK“ </strong>a<strong> „EBNER SOLARTECHNIK“</strong>.</p>
<p style="text-align: left;"><span style="color: #003079; font-size: 14pt;"><strong>2007</strong></span></p>
<p style="text-align: left;">Assocciazione con l’importante impresa industriale „Fiorini Industries“, e costituzione della ditta comune „EBNER SOLARTECHNIK GmbH/SRL“ e trasferimento della produzione di serie alla nuova fabbrica a Forlì, Emilia Romagna. Nelo stesso anno avviene la festa per il 25esimo anniversario della ditta.</p>
<p style="text-align: left;"><span style="color: #003079; font-size: 14pt;"><b>2010</b></span></p>
<p style="text-align: left;"><span style="color: #003079;"><b><a href="http://ebner-markus.com/wp-content/uploads/2015/09/Ebner-Energietechnik.jpg"><img loading="lazy" class="alignnone wp-image-91" src="http://ebner-markus.com/wp-content/uploads/2015/09/Ebner-Energietechnik-300x87.jpg" alt="Druck" width="203" height="59" srcset="https://www.ebner-technology.com/wp-content/uploads/2015/09/Ebner-Energietechnik-300x87.jpg 300w, https://www.ebner-technology.com/wp-content/uploads/2015/09/Ebner-Energietechnik-1024x296.jpg 1024w, https://www.ebner-technology.com/wp-content/uploads/2015/09/Ebner-Energietechnik-648x187.jpg 648w, https://www.ebner-technology.com/wp-content/uploads/2015/09/Ebner-Energietechnik-583x168.jpg 583w, https://www.ebner-technology.com/wp-content/uploads/2015/09/Ebner-Energietechnik.jpg 1417w" sizes="(max-width: 203px) 100vw, 203px" /></a></b></span></p>
<p style="text-align: left;">Cambiamento della<strong> „EBNER SOLARTECHNIK GmbH/SRL“</strong> nella <strong>„EBNER ENERGIETECHNIK GmbH/SRL“.</strong></p>
<p style="text-align: left;"><span style="color: #003079; font-size: 14pt;"><strong>Primavera 2013</strong></span></p>
<p style="text-align: left;">Vendita del marchio<strong> „EBNER ENERGIETECHNIK GmbH/SRL“ </strong>al 100% alla<strong> „Fiorini Industries“.</strong></p>
<p style="text-align: left;"><span style="color: #003079; font-size: 14pt;"><b>Estate 2013</b></span></p>
<p style="text-align: left;"><span style="color: #003079;"><b><a href="http://ebner-markus.com/wp-content/uploads/2015/09/Ebner-Markus-Logo-1000.png"><img loading="lazy" class="alignnone wp-image-93" src="http://ebner-markus.com/wp-content/uploads/2015/09/Ebner-Markus-Logo-1000-300x103.png" alt="Ebner Markus Logo 1000" width="230" height="79" srcset="https://www.ebner-technology.com/wp-content/uploads/2015/09/Ebner-Markus-Logo-1000-300x103.png 300w, https://www.ebner-technology.com/wp-content/uploads/2015/09/Ebner-Markus-Logo-1000.png 1024w, https://www.ebner-technology.com/wp-content/uploads/2015/09/Ebner-Markus-Logo-1000-648x222.png 648w, https://www.ebner-technology.com/wp-content/uploads/2015/09/Ebner-Markus-Logo-1000-560x192.png 560w" sizes="(max-width: 230px) 100vw, 230px" /></a></b></span></p>
<p style="text-align: left;">Fondazione della ditta individuale „EBNER MARKUS Technology &amp; Solutions“ tramite Markus Ebner con sede nello stabilimento in Via Crocevia, Appiano.</p>
<p style="text-align: left;"><span style="color: #003079; font-size: 14pt;"><b>Autunno 2014</b></span></p>
<p style="text-align: left;"><span style="color: #003079;"><b><img loading="lazy" class="alignnone wp-image-64 size-full" src="http://www.ebner-technology.com/wp-content/uploads/2015/09/Ebner-Technology-Logo-300.png" alt="" width="300" height="188" /></b></span></p>
<p>Fusione della „EBNER JOSEF &amp; CO. OHG“ e della ditta individuale „EBNER MARKUS Technology &amp; Solutions“, sorgere della „EBNER Technology KG/SAS“ e l’entrata della terza generazione della famiglia Ebner nell’impresa familiare.</p>
<p>&nbsp;</p>
<p>Perciò siamo da oltre 30 anni per Lei sul mercato dell’energie rinnovabili. Oggigiorno offriamo non solo questo, ma tanto di più come scambiatori a piastre, set per la produzione di acqua calda sanitaria, caldaie e stufe da pellet, impianti di condizionamento a tanto altro. Lavoriamo continuamente per il miglioramento della nostra impresa e all’allargamento della nostra qualitativa gamma di prodotti.</p>
<p><span style="font-size: 14pt;"><em><span style="color: #003079;"><strong>Il Team di Ebner Technology</strong></span></em></span></p>
